26 + x = 6*f. Is f prime?
False
Suppose 5*h + 4*h + 198 = 0. Let c be 4/(-22) - (39384/h + 2). Suppose 4*r + 4*b = c, -799 - 999 = -4*r + b. Is r a composite number?
False
Let y(c) = 12 + 15 + 127*c**2 - 18*c**2 + 9*c. Suppose -q + 26 = -4*n, 3*n + 4*q = 4 - 33. Is y(n) a composite number?
True
Suppose 17*n = 16*n + 74. Suppose -2*f + 350 = n. Let k = -17 + f. Is k prime?
False
Let n = -104135 - -204828. Is n a prime number?
True
Is (-18 - -273)/17 + 28196 prime?
True
Suppose 3*t + 3 - 9 = 0. Suppose 0*d + 3*u = 5*d - 19723, 3*d - 11830 = -t*u. Suppose 4*r = 12*r - d. Is r composite?
True
Suppose -5*l + 274 - 54 = 0. Let n = 43 - l. Is n - 1/(-1) - (-488 + -1) a composite number?
True
Suppose -40*n - 198 = -46*n. Suppose -n*b = -39*b + 2148. Is b prime?
False
Let n = -19571 - -33534. Is n prime?
True
Suppose -4*d + 712365 = 2*g + d, 0 = -3*g + 5*d + 1068560. Is g prime?
False
Suppose 36*j + 65*j - 1130568 - 2234045 = 0. Is j a prime number?
False
Let d = 7 + 8. Suppose -8*t + 5*t + d = 0. Suppose 0*z + z + 439 = 4*l, -t*z + 94 = l. Is l prime?
True
Let m be (-280)/45 + 6 - (-4)/18. Suppose m = 7*c + 1862 - 5173. Is c a prime number?
False
Let l = 1681078 - 632765. Is l prime?
False
Let j = 4671 + -1748. Is j a composite number?
True
Let x be (0 + (-5)/(-2))*(-8)/(-10). Let g be x/(-4)*0*4/8. Suppose -p = -5*i - 1146, g*i + 2*i + 2300 = 2*p. Is p a composite number?
False
Let k(r) be the second derivative of 407*r**3/2 - 13*r**2/2 + 4*r + 2. Is k(2) composite?
True
Is (-12126650)/(-80) - 22/176 composite?
True
Suppose 3*b + 1947 = -2088. Let f = b - -2256. Is f composite?
False
Suppose 4*c + 12940 = 4*f, c = -c - f - 6461. Let z = -1989 - c. Is z a composite number?
True
Suppose 0 = 80*x - 23874911 - 22050134 - 48296155. Is x a prime number?
False
Suppose 0*d - 11*d = 0. Suppose d*l = -l + 4751. Is l prime?
True
Suppose -13*h + 92 = -207. Suppose 3764 = h*s - 3573. Is s a prime number?
False
Suppose 69*v + 31*v - 4017992 = 12*v. Is v a composite number?
False
Suppose -2*i - 2*a = -92, -i - 3*a - a = -37. Let c = i + -45. Suppose 6*l - 5*z = 7*l - 695, l - c*z = 677. Is l prime?
False
Let q(d) = -2*d**3 - 6*d**2 + 5*d - 15. Let t be q(-4). Suppose 5 = -3*p + 17. Is 1/((p + t)/(-1))*-839 prime?
True
Suppose 3*g - 3768 = g. Let n = -427 + 24. Let v = n + g. Is v a composite number?
False
Suppose -3*q = -3, 12*v = 13*v - 5*q - 26772. Is v a prime number?
True
Suppose 52*v - 3544460 = 1721424. Is v a prime number?
True
Suppose -198*l + 201*l + 153808 = m, -4*m - 4*l + 615280 = 0. Is m a composite number?
False
Suppose 0 = 5*t - 10. Suppose 3*r - 468 = -3*o, 0 = t*o - 0*o - 4*r - 282. Suppose o - 1118 = -p. Is p prime?
True
Suppose -4*b = 3*b - 2*b. Let r = -911 + 1386. Suppose a - r - 78 = b. Is a a composite number?
True
Suppose -4*i - 1137 = 1895. Let x = -217 - i. Is x a prime number?
True
Suppose -10*z + 152102 = 4*d + 5120, 15 = 3*z. Is d prime?
False
Let u = -25347 - -97486. Is u composite?
False
Suppose 3749*v - 3744*v - 285 = 0. Is v composite?
True
Let d(p) = -46528*p + 1015. Is d(-16) composite?
True
Is (-1*159762)/1*(-8 + 329/42) a composite number?
False
Suppose -2*n + 4*l + 237274 = 0, 4*n - 5*l + 106262 = 580804. Is n a prime number?
True
Suppose 2*q - 31304 = 2*w, 4*w + 3*q + 62626 = q. Let b = 34242 + w. Is b prime?
True
Suppose -37 = 4*q - 9, 4*c + 3*q = 1253575. Is c composite?
False
Suppose 0 = 5*c - 3*i - 480380, 17*i = 18*i - 5. Is c composite?
False
Suppose -2*w - 3*x + 12498 = 0, 12 = -3*x + 6*x. Suppose 4688 = -0*k + 3*k + 5*z, -z - w = -4*k. Is k prime?
False
Suppose -4*w + 32 = -2*w + 4*q, -26 = -2*w - q. Suppose -33 + 213 = w*u. Suppose -3*g + u = 0, -3*f + 5687 - 2020 = 2*g. Is f a composite number?
True
Let z be 3 - ((-4)/2 + 0). Let a be z/(-1)*(-1 - 0). Suppose -1676 + 201 = -3*v - 2*k, -2465 = -a*v - 5*k. Is v a composite number?
True
Let h(l) = -18*l**3 - 35*l**2 + 161*l + 217. Is h(-32) composite?
True
Suppose 3*d = 4*m + 555253 - 147782, d - 135847 = -2*m. Is d prime?
False
Let r(x) = 3*x**2 - 23. Let a be r(8). Let q(o) = -137*o + 1. Let s be q(-1). Let w = s + a. Is w a prime number?
True
Suppose 15*b = -9*b + 72. Suppose -9812 = -5*u - 3*m, 3*m = 4*u - b*u - 1966. Is u composite?
True
Suppose 0 = 9*h - 7929 - 18810 - 52632. Is h composite?
False
Let g = -16586 - -11710. Let y be (-15)/4 + 2/(-8). Is g/y + 3*2/(-3) prime?
True
Let g = -349486 + 785793. Is g a prime number?
True
Is (-16 - -35 - 17)*35657/2 prime?
False
Let o = 272379 - -337568. Is o a prime number?
False
Suppose 5*w = 2*u - 59429, u - 3*w + 8*w - 29722 = 0. Is u prime?
True
Let w = -10537 - -12948. Is w composite?
False
Let l(i) = -i**3 - i**2 + 8*i + 9. Let b be l(-4). Let d be -690 + b/(10/(-2)). Let r = 1392 + d. Is r composite?
True
Suppose 456126 = 5*p - l, -3*p - l + 107896 = -165786. Is p prime?
False
Suppose -2*c + 0 - 2 = 0. Let h(u) = 964*u**3 - 11*u**2 + 6*u - 8. Let j(i) = 321*i**3 - 4*i**2 + 2*i - 3. Let r(y) = -4*h(y) + 11*j(y). Is r(c) a prime number?
False
Suppose -94464 = -7*n + 12860. Suppose -2*p + 6*p - n = -3*w, 2*p + 5*w = 7666. Is p composite?
False
Suppose 152*w + 57 = 133*w. Let d(g) = 2*g - 7 - 20*g - 8*g. Is d(w) a prime number?
True
Suppose -834*u = -779*u - 114144855. Is u a prime number?
False
Let r = 31 + -29. Let j(v) = -r + 48*v - 6 + 15*v. Is j(9) composite?
True
Suppose 2055*c - 2075*c + 1990420 = 0. Is c a composite number?
True
Let q = -343 + 814. Suppose 637 + q = 5*g + 3*p, 4*g = -5*p + 889. Suppose a = 2*z + g, 0*a - 5*z + 228 = a. Is a prime?
True
Suppose -44*y + 127198 = -39*y - 3*l, -5*y + 2*l = -127197. Is y composite?
False
Let w be ((-1)/(-4))/((-18)/(-72)). Let b be (-11 - -2)/(2 - w/2). Is ((2 + -3)*-4)/(b/(-831)) a composite number?
True
Let a(i) = -i**3 + i**2 + 33*i + 90. Let w be a(-20). Let c = w + -2788. Is c a prime number?
False
Let f = 15830 - 2017. Is f a prime number?
False
Suppose -4*u = -f + 4*f + 977, 2*u - 983 = 3*f. Let v = -9603 + 9665. Let n = v - f. Is n a composite number?
False
Let v(g) be the third derivative of -g**5/30 - g**4/24 + 9865*g**3/6 + 32*g**2. Is v(0) a composite number?
True
Suppose 25*j + 133 = 6*j. Let p be (-2)/j + (-54)/42. Let g(k) = -3542*k + 3. Is g(p) a prime number?
False
Let b = 3574 - 1746. Let w = b - -3645. Is w composite?
True
Let g(m) = 2*m**3 - 19*m**2 + 14*m + 29. Let f be 36*-1*32/(-96). Is g(f) a prime number?
False
Is (-1)/(-1) - (-75244 + -92) a composite number?
False
Let m(u) be the second derivative of u**3/3 - 14*u**2 + 13*u. Let z be m(15). Is (39/12*z)/((-2)/(-268)) composite?
True
Let o(y) = 9*y**2 - 610*y + 94. Is o(81) composite?
False
Suppose -2 = f - 0*f. Is (-746)/((0 - f)*(-2 - -1)) prime?
True
Let f = 10611 - -10143. Let b = f + 17915. Is b prime?
True
Let y(t) be the second derivative of -77*t**3/6 - 11*t**2 - 13*t. Let q be y(-2). Let z = q - -1345. Is z a prime number?
False
Let w(b) = -3*b - 70. Let j be w(-20). Is (13368/(-80) - (-4)/j)*-2 a prime number?
False
Suppose 14*j + 2883504 = 62*j. Is j a prime number?
False
Let s be 3 + 1 - 13/(-1). Let w(n) = -n**2 + 16*n + 14. Let y be w(s). Is 382 + 1 + y + -1 prime?
True
Let w(k) = 1242*k + 25. Let b be w(-11). Let d = b + 20758. Is d a prime number?
True
Let l(a) = -212*a + 275. Is l(-7) composite?
False
Let d be (7 - 1)*2/4. Suppose -d*j = -2540 - 769. Is j a prime number?
True
Let j(l) = 206*l**2 - 3*l + 4. Let s be j(3). Let x = 405 - 1347. Let h = s + x. Is h a composite number?
False
Let y be (3996/180)/((-3)/(-10)). Suppose 0 = y*w - 70*w - 22684. Is w a composite number?
True
Suppose 106*h = 105*h + 4121. Suppose p - h = 2*j, -j = 2*p + 2*j - 8263. Is p composite?
False
Let k be 2 + 0 + 2 + -4 + 5. Is 2152 - (-15)/(-25)*k prime?
False
Let s(z) = -6*z + 27. Let c be s(5). Let g be c + (1 - -9) + -4. Suppose 0*b + g*b = 1011. Is b a composite number?
False
Let h = 2019 - 3748. Let v = 4010 + h. Suppose -2*g + v = -5*c + 2*c, 5713 = 5*g + 3*c. Is g composite?
True
Let f be ((-4 - -4)/(-2))/(-2). Let p be 2/4*(0 + f). Suppose p = -5*k - 10, 3*g = g + 2*k + 408. Is g prime?
False
Suppose -r = -5*w - 13036, 4*w + 51101 = 3*r + 12070. Is r a prime number?
True
Suppose 57715 = 107*y - 10*y. Suppose -g + 3*p + 186 = 6*p, -p + 382 = 2*g. Let f = y + g. Is f a prime number?
Tr